 = -2*x**2 + 2104*x - 8389. Give q(4).
-5
Let j(c) = -2*c**3 - 30*c**2 - 2*c + 15. What is j(-14)?
-349
Let i(r) = -2*r**3 + r**2 + 3*r - 9. Calculate i(5).
-219
Let x(h) = 233*h + 1831. Determine x(-7).
200
Let s(r) = 7*r**2 - 258*r - 4. Give s(37).
33
Let h(i) = 40*i**2 + 32*i + 33. What is h(-1)?
41
Let w(n) = -n**2 + 71*n - 874. Calculate w(55).
6
Let b(v) = -27*v + 137. Give b(6).
-25
Let g(f) = -2*f**2 + 78*f + 1617. Give g(-16).
-143
Let b(v) = v - 58. What is b(-13)?
-71
Let w(y) = -29*y + 882. What is w(34)?
-104
Let z(v) = -2*v**2 - 63*v + 338. Determine z(5).
-27
Let s(x) = -259*x + 70. Calculate s(3).
-707
Let r(t) = t**2 - 135*t + 1064. Give r(9).
-70
Let l(a) = 898*a - 5320. Calculate l(6).
68
Let g(x) = x**2 + 185*x - 34083. Give g(114).
3
Let c(p) = -p**3 + 10*p**2 - 54*p + 461. Calculate c(9).
56
Let f(k) = -k**2 - 3*k - 167. Give f(0).
-167
Let m(r) = -193*r + 35333. What is m(183)?
14
Let a(q) = -q**2 - 126*q - 3385. Give a(-87).
8
Let p(k) = -3*k**2 - 15*k + 22. Determine p(2).
-20
Let t(y) = y**3 + 2*y**2 - 125*y - 550. Calculate t(-5).
0
Let v(r) = r**3 + 2*r**2 - 725*r - 76. What is v(26)?
2
Let n(m) = 13*m**2 - 174*m + 54. Determine n(13).
-11
Let q(t) = t**3 + 34*t**2 + 50*t + 589. Give q(-33).
28
Let b(y) = -466*y + 7. Give b(0).
7
Let f(a) = -6*a**2 - 190*a + 385. Calculate f(2).
-19
Let a(x) = x**3 + 127*x**2 - 256*x + 262. Calculate a(-129).
4
Let d(y) = -y**3 - 27*y**2 - 2*y + 11. Determine d(-27).
65
Let t(u) = -22*u**2 + 178*u - 47. Calculate t(8).
-31
Let n(t) = 2*t**3 - t**2 - t + 2. Determine n(-2).
-16
Let v(b) = -3*b**3 - 42*b**2 - 8*b - 99. Calculate v(-14).
13
Let o(l) = 6*l**2 - 54*l + 439. Calculate o(7).
355
Let c(b) = -51*b**2 + 617*b - 55. Calculate c(12).
5
Let i(k) = -k**2 + 18*k + 310. Give i(25).
135
Let q(w) = 6*w**3 - 26*w**2 - 20*w + 31. Determine q(6).
271
Let j(o) = o**2 + 17*o - 563. Give j(-34).
15
Let s(z) = 2*z**3 + 12*z**2 - 17*z - 65. Determine s(-2).
1
Let p(o) = -9*o**2 - 18*o + 7. Determine p(-5).
-128
Let r(d) = -22028*d + 110143. Give r(5).
3
Let o(u) = -u + 28. Determine o(-16).
44
Let k(w) = -182*w - 813. Calculate k(-6).
279
Let o(u) = -31*u - 1385. Calculate o(-62).
537
Let f(i) = 2*i**2 + 109*i - 406. Calculate f(-58).
0
Let i(q) = -38*q - 829. What is i(-30)?
311
Let o(g) = 19*g + 3010. Determine o(-161).
-49
Let b(h) = 571*h + 7994. What is b(-14)?
0
Let u(o) = -152*o + 603. Determine u(4).
-5
Let u(l) = -4*l**2 + 181*l + 446. Determine u(48).
-82
Let l(y) = -y**3 + 21*y**2 - 46*y + 357. Determine l(20).
-163
Let p(h) = 39*h**2 - 14*h + 13. Give p(-2).
197
Let s(a) = -3*a**2 - 66*a + 600. What is s(-29)?
-9
Let n(q) = 2*q**2 - 976*q + 93077. Give n(130).
-3
Let c(m) = m**3 - 21*m**2 + 47*m - 287. Determine c(20).
253
Let l(m) = -m**3 - 3*m**2 + 46*m - 19. What is l(-8)?
-67
Let w(r) = 58*r**3 + r**2 + 3*r - 4. What is w(1)?
58
Let z(v) = -2*v**2 - 318*v - 1531. Calculate z(-154).
9
Let f(y) = 25*y**2 + 31*y - 34. Determine f(-2).
4
Let a(x) = x**2 - 27*x + 76. What is a(6)?
-50
Let c(a) = -564*a + 64. Determine c(0).
64
Let d(p) = -165*p + 2975. Determine d(18).
5
Let x(m) = 3983*m + 28. Determine x(0).
28
Let y(l) = l**3 + 6*l**2 + 29*l + 101. Determine y(-4).
17
Let m(p) = -13*p**2 - 66*p + 3. What is m(-5)?
8
Let w(h) = h**3 - 13*h**2 + 46*h - 153. Calculate w(9).
-63
Let z(a) = -a**2 + 38*a + 8115. Calculate z(111).
12
Let m(n) = n**3 - 19*n**2 - 49*n + 94. What is m(21)?
-53
Let p(o) = -o**2 + 104*o + 1. Calculate p(0).
1
Let c(f) = -136*f - 139. Determine c(-1).
-3
Let v(l) = 58*l**3 - 3*l + 4. Calculate v(1).
59
Let c(y) = 1274*y - 6371. Calculate c(5).
-1
Let c(j) = -j**3 + 16*j**2 + 31*j - 246. Give c(17).
-8
Let n(x) = -2*x**3 + 23*x**2 + 5*x - 5. Calculate n(-3).
241
Let u(x) = 137*x - 5491. Give u(40).
-11
Let y(r) = 686*r - 3422. What is y(5)?
8
Let d(s) = 7*s**2 - 158*s - 21. Calculate d(23).
48
Let l(g) = g**3 + 42*g**2 - 48*g - 172. Determine l(-43).
43
Let z(d) = -12*d - 38. What is z(-3)?
-2
Let o(n) = 641*n + 25010. What is o(-39)?
11
Let b(m) = m**3 - 23*m**2 + 19*m - 34. Calculate b(21).
-517
Let v(o) = 2*o - 38. Give v(-2).
-42
Let q(i) = -2*i**3 + 17*i**2 + 18*i - 8. Give q(11).
-415
Let r(h) = 3*h**3 + 2*h**2 - 10*h - 21. Give r(-2).
-17
Let w(l) = -3024*l - 3029. What is w(-1)?
-5
Let m(h) = -4*h**2 + 182*h - 107. Determine m(44).
157
Let g(r) = -127*r**2 + 1016*r - 17. Calculate g(8).
-17
Let z(r) = r**3 - 180*r**2 + 4120*r + 1672. Determine z(153).
-11
Let w(v) = v**3 + 22*v**2 + 75*v + 93. Determine w(-18).
39
Let z(b) = -20*b + 822. Give z(35).
122
Let o(z) = -z**3 + 21*z**2 + 46*z - 178. Calculate o(23).
-178
Let l(f) = 11*f - 358. Determine l(34).
16
Let p(m) = 2*m**3 + 24*m**2 - 39*m - 661. What is p(-11)?
10
Let b(m) = m**3 + 137*m**2 + 135*m - 125. Determine b(-136).
11
Let u(w) = -859*w**2 - 13744*w + 8. Calculate u(-16).
8
Let q(a) = -49*a - 250. Determine q(-5).
-5
Let j(n) = 10*n**2 + 34*n + 22. Calculate j(-7).
274
Let l(z) = z**3 + 14*z**2 - 47*z + 72. What is l(-17)?
4
Let o(s) = -17*s + 153. Calculate o(9).
0
Let a(i) = 3*i**3 - 205*i**2 + 70*i - 65. What is a(68)?
71
Let q(y) = -1258*y + 12593. Give q(10).
13
Let y(l) = -l**2 + l + 11095. Determine y(-105).
-35
Let h(g) = 50*g + 369. Determine h(-10).
-131
Let n(r) = -412*r - 2880. Determine n(-7).
4
Let r(l) = 5*l**2 - 99*l + 424. What is r(13)?
-18
Let v(y) = -8*y**2 + 223*y - 740. Give v(24).
4
Let u(y) = -y**2 - 93*y + 487. Calculate u(-94).
393
Let v(f) = -44*f + 25. What is v(-4)?
201
Let n(g) = -67*g + 9419. Calculate n(141).
-28
Let z(d) = 2*d**3 + 8*d**2 - 18*d - 1. What is z(-5)?
39
Let w(o) = -158*o - 6329. What is w(-40)?
-9
Let z(k) = 151*k + 2107. Give z(-14).
-7
Let q(a) = -a**3 + 9*a**2 - 12*a - 41. What is q(10)?
-261
Let h(l) = -l**2 + 5279*l - 99943. What is h(19)?
-3
Let q(a) = 31*a + 31. Give q(-1).
0
Let h(s) = -552*s + 12690. Give h(23).
-6
Let k(a) = a**3 + 5*a**2 - 25*a - 5. Determine k(-8).
3
Let p(z) = -z**3 - 69*z**2 + 228*z + 201. Give p(-72).
-663
Let n(y) = -y**2 + 79*y + 600. Calculate n(86).
-2
Let l(p) = 20*p**3 + 118*p**2 - 4*p + 58. Give l(-6).
10
Let p(v) = -123*v + 483. Determine p(4).
-9
Let o(q) = -q**3 - 9*q**2 - 29*q - 198. Determine o(-9).
63
Let n(f) = -f**3 + 9*f**2 - 15*f - 4. Determine n(6).
14
Let a(d) = -d + 44. Calculate a(-3).
47
Let t(b) = 4*b**2 - 2*b - 1. Determine t(5).
89
Let d(a) = -4*a**3 + a**2 - 28*a - 9. What is d(0)?
-9
Let u(w) = -w**2 - 119*w - 3305. Give u(-44).
-5
Let t(i) = 11*i**2 + 407*i + 1764. Determine t(-32).
4
Let a(q) = 545*q - 3. What is a(-1)?
-548
Let r(f) = 65*f - 3. Calculate r(-3).
-198
Let k(c) = c**3 + 24*c**2 + 46*c + 22. Determine k(-22).
-22
Let g(l) = -4*l**2 - 312*l - 5241. Give g(-24).
-57
Let r(z) = 69*z - 5. What is r(4)?
271
Let n(w) = -202*w + 1431. Determine n(6).
219
Let p(q) = -q**3 + 4*q**2 + 79*q - 399. What is p(6)?
3
Let l(s) = s**3 - 4*s**2 - 29*s - 93. Determine l(9).
51
Let o(h) = -2*h**2 - 33*h - 26. Give o(-16).
-10
Let w(d) = -2*d**3 - 6*d**2 - 22. Determine w(-4).
10
Let i(c) = -2*c**3 + 12*c**2 + 70*c - 143. Calculate i(9).
1
Let i(j) = -68*j + 1789. Calculate i(27).
-47
Let w(d) = 2*d**3 - 8*d**2 - 8*d - 14. Determine w(7).
224
Let j(q) = 5*q**3 - 23*q**2 - 3*q + 15. Calculate j(4).
-45
Let c(i) = i**3 + 197*i**2 + 9464*i + 181. What is c(-83)?
15
Let a(d) = 2*d**2 - 66*d + 9. Calculate a(32).
-55
Let g(i) = 58*i + 35. What is g(-4)?
-197
Let r(q) = 742*q - 3677. What is r(5)?
33
Let o(p) = 33*p**2 + 56*p + 5. Determine o(-2).
25
Let i(o) = o**3 - 23*o**2 + 97*o - 1163. Determine i(21).
-8
Let k(c) = 2*c**2 + 26*c + 61. What is k(-10)?
1
Let t(r) = 91*r + 377. Determine t(-4).
13
Let m(f) = -f**2 - 2*f + 136. Determine m(11).
-7
Let m(u) = -u**3 - 15*u**2 + 88*u + 1359. Calculate m(-14).
-69
Let p(l) = 1315*l - 1443. Calculate p(1).
-128
Let p(q) = 2*q**2 + 381*q + 11585. Give p(-38).
-5
Let z(h) = 25*h - 1310. Determine z(52).
-10
Let s(d) = -349*d + 4532. What is s(13)?
-5
Let k(l) = -l**3 - 29*l**2 + 272*l + 718. Give k(-36).
-2
Let b(a) = 3*a**2 + 44*a + 1. Give b(-11).
-120
Let q(t) = 453*t + 1662. Give q(-4).
-150
Let r(a) = -a**3 + 52*a**2 - 605*a - 410. Determine r(19).
8
Let b(v) = 941*v + 2821. Calculate b(-3).
-2
Let c(s) = s**3 - 52*s**2 + 284*s - 358. Give 